{"id":566,"date":"2021-06-09T10:24:43","date_gmt":"2021-06-09T08:24:43","guid":{"rendered":"http:\/\/anne-lise.bio\/?page_id=566"},"modified":"2023-06-01T17:24:58","modified_gmt":"2023-06-01T15:24:58","slug":"formations","status":"publish","type":"page","link":"http:\/\/anne-lise.bio\/index.php\/formations\/","title":{"rendered":"Formations"},"content":{"rendered":"\n<div class=\"wp-block-columns is-layout-flex wp-container-core-columns-is-layout-9d6595d7 wp-block-columns-is-layout-flex\">\n<div class=\"wp-block-column is-layout-flow wp-block-column-is-layout-flow\">\n<p class=\"has-text-align-center\">&#8230;Toutes mes formations sont actuellement en cours de reconstruction pour les dates, tarifs et lieux&#8230;<\/p>\n\n\n\n<p>Merci de me contacter en Message Priv\u00e9 !<\/p>\n\n\n\n<h2 class=\"has-text-align-left wp-block-heading\">Devenir Bio Esth\u00e9ticienne<\/h2>\n<\/div>\n<\/div>\n\n\n\n<div class=\"wp-block-columns is-layout-flex wp-container-core-columns-is-layout-9d6595d7 wp-block-columns-is-layout-flex\">\n<div class=\"wp-block-column is-layout-flow wp-block-column-is-layout-flow\">\n<p><strong>Objectif :<\/strong><\/p>\n\n\n\n<ul class=\"wp-block-list\">\n<li>Comprendre tous les ingr\u00e9dients qui composent la cosm\u00e9tique dite \u00ab\u00a0naturelle\u00a0\u00bb ainsi que les labels, les principes d&rsquo;utilisation, les pi\u00e8ges \u00e0 \u00e9viter.<\/li>\n\n\n\n<li>D\u00e9finir vos choix de produits gr\u00e2ce \u00e0 de meilleures connaissances<\/li>\n<\/ul>\n\n\n\n<div class=\"wp-block-columns is-layout-flex wp-container-core-columns-is-layout-9d6595d7 wp-block-columns-is-layout-flex\"><\/div>\n\n\n\n<h3 class=\"has-text-align-left wp-block-heading\"><a href=\"http:\/\/anne-lise.bio\/wp-content\/uploads\/2021\/07\/formation-bio-estheticienne-Chambre-metiers-2021.pdf\" target=\"_blank\" rel=\"noreferrer noopener\">Voir le programme complet<\/a><\/h3>\n\n\n\n<div class=\"wp-block-buttons is-horizontal is-content-justification-left is-layout-flex wp-container-core-buttons-is-layout-7e5fce0a wp-block-buttons-is-layout-flex\">\n<div class=\"wp-block-button\"><a class=\"wp-block-button__link wp-element-button\" href=\"http:\/\/anne-lise.bio\/index.php\/contact\/\">S&rsquo;inscrire<\/a><\/div>\n<\/div>\n\n\n\n<div style=\"height:100px\" aria-hidden=\"true\" class=\"wp-block-spacer\"><\/div>\n\n\n\n<div class=\"wp-block-columns is-layout-flex wp-container-core-columns-is-layout-9d6595d7 wp-block-columns-is-layout-flex\">\n<div class=\"wp-block-column is-vertically-aligned-center is-layout-flow wp-block-column-is-layout-flow\" style=\"flex-basis:100%\">\n<hr class=\"wp-block-separator has-text-color has-css-opacity has-background is-style-default\" style=\"background-color:#838383;color:#838383\"\/>\n<\/div>\n<\/div>\n\n\n\n<h2 class=\"wp-block-heading\">D\u00e9couverte d&rsquo;IBBEO, gamme locale et engag\u00e9e<\/h2>\n\n\n\n<div class=\"wp-block-columns is-layout-flex wp-container-core-columns-is-layout-9d6595d7 wp-block-columns-is-layout-flex\">\n<div class=\"wp-block-column is-layout-flow wp-block-column-is-layout-flow\">\n<p style=\"font-size:18px\"><strong>Objectif :<\/strong><\/p>\n\n\n\n<ul class=\"wp-block-list\">\n<li>D\u00e9couvrez les multiples utilisations d&rsquo;une gamme de cosm\u00e9tiques locale, sous la mention Nature et progr\u00e8s, \u00e0 base d&rsquo;ingr\u00e9dients v\u00e9g\u00e9taux et biologiques.<\/li>\n\n\n\n<li>Partagez les engagements de l&rsquo;entreprise<a href=\"https:\/\/www.ibbeo-cosmetiques.fr\/\" target=\"_blank\" rel=\"noreferrer noopener\"> Ibbeo<\/a>.<\/li>\n\n\n\n<li>D\u00e9couvrez la logique de la gamme au travers de ses ingr\u00e9dients clefs.<\/li>\n\n\n\n<li>Cr\u00e9ez et d\u00e9clinez selon les peaux, votre soin visage institut avec les produits de la gamme Ibbeo.<\/li>\n<\/ul>\n\n\n\n<div class=\"wp-block-columns is-layout-flex wp-container-core-columns-is-layout-9d6595d7 wp-block-columns-is-layout-flex\">\n<div class=\"wp-block-column is-layout-flow wp-block-column-is-layout-flow\">\n<p><strong>Pr\u00e9-requis :<\/strong> Aucun<\/p>\n\n\n\n<p><strong>Dur\u00e9e :<\/strong> 2 jours<\/p>\n\n\n\n<p><strong>Public :<\/strong> Esth\u00e9ticiennes et m\u00e9tiers<br>du bien \u00eatre<\/p>\n<\/div>\n\n\n\n<div class=\"wp-block-column is-layout-flow wp-block-column-is-layout-flow\">\n<p><strong>Tarifs :<\/strong> <\/p>\n\n\n\n<p><strong>Dates : <\/strong><\/p>\n\n\n\n<p><strong>Lieu :<\/strong> Institut Anne-Lise.bio<br>Montauban<\/p>\n<\/div>\n<\/div>\n\n\n\n<h3 class=\"wp-block-heading\"> <a href=\"http:\/\/anne-lise.bio\/wp-content\/uploads\/2021\/07\/formation-ibbeo-cosmetiques-7.pdf\" target=\"_blank\" rel=\"noreferrer noopener\">Voir le programme complet<\/a> <\/h3>\n\n\n\n<div class=\"wp-block-buttons is-layout-flex wp-block-buttons-is-layout-flex\">\n<div class=\"wp-block-button\"><a class=\"wp-block-button__link wp-element-button\" href=\"http:\/\/anne-lise.bio\/index.php\/contact\/\">S&rsquo;inscrire<\/a><\/div>\n<\/div>\n<\/div>\n<\/div>\n<\/div>\n<\/div>\n\n\n\n<p><\/p>\n","protected":false},"excerpt":{"rendered":"<p>&#8230;Toutes mes formations sont actuellement en cours de reconstruction pour les dates, tarifs et lieux&#8230; Merci de me contacter en Message Priv\u00e9 ! Devenir Bio Esth\u00e9ticienne Objectif : Voir le programme complet D\u00e9couverte d&rsquo;IBBEO, gamme locale et engag\u00e9e Objectif : Pr\u00e9-requis : Aucun Dur\u00e9e : 2 jours Public : Esth\u00e9ticiennes et m\u00e9tiersdu bien \u00eatre Tarifs [&hellip;]<\/p>\n","protected":false},"author":1,"featured_media":0,"parent":0,"menu_order":0,"comment_status":"closed","ping_status":"closed","template":"","meta":{"_et_pb_use_builder":"","_et_pb_old_content":"","_et_gb_content_width":"","footnotes":""},"class_list":["post-566","page","type-page","status-publish","hentry"],"_links":{"self":[{"href":"http:\/\/anne-lise.bio\/index.php\/wp-json\/wp\/v2\/pages\/566","targetHints":{"allow":["GET"]}}],"collection":[{"href":"http:\/\/anne-lise.bio\/index.php\/wp-json\/wp\/v2\/pages"}],"about":[{"href":"http:\/\/anne-lise.bio\/index.php\/wp-json\/wp\/v2\/types\/page"}],"author":[{"embeddable":true,"href":"http:\/\/anne-lise.bio\/index.php\/wp-json\/wp\/v2\/users\/1"}],"replies":[{"embeddable":true,"href":"http:\/\/anne-lise.bio\/index.php\/wp-json\/wp\/v2\/comments?post=566"}],"version-history":[{"count":65,"href":"http:\/\/anne-lise.bio\/index.php\/wp-json\/wp\/v2\/pages\/566\/revisions"}],"predecessor-version":[{"id":691,"href":"http:\/\/anne-lise.bio\/index.php\/wp-json\/wp\/v2\/pages\/566\/revisions\/691"}],"wp:attachment":[{"href":"http:\/\/anne-lise.bio\/index.php\/wp-json\/wp\/v2\/media?parent=566"}],"curies":[{"name":"wp","href":"https:\/\/api.w.org\/{rel}","templated":true}]}}

<div class="wp-block-columns is-layout-flex wp-container-core-columns-is-layout-9d6595d7 wp-block-columns-is-layout-flex">
<div class="wp-block-column is-layout-flow wp-block-column-is-layout-flow">
<p class="has-text-align-center">&#8230;Toutes mes formations sont actuellement en cours de reconstruction pour les dates, tarifs et lieux&#8230;</p>



<p>Merci de me contacter en Message Privé !</p>



<h2 class="has-text-align-left wp-block-heading">Devenir Bio Esthéticienne</h2>
</div>
</div>



<div class="wp-block-columns is-layout-flex wp-container-core-columns-is-layout-9d6595d7 wp-block-columns-is-layout-flex">
<div class="wp-block-column is-layout-flow wp-block-column-is-layout-flow">
<p><strong>Objectif :</strong></p>



<ul class="wp-block-list">
<li>Comprendre tous les ingrédients qui composent la cosmétique dite « naturelle » ainsi que les labels, les principes d&rsquo;utilisation, les pièges à éviter.</li>



<li>Définir vos choix de produits grâce à de meilleures connaissances</li>
</ul>



<div class="wp-block-columns is-layout-flex wp-container-core-columns-is-layout-9d6595d7 wp-block-columns-is-layout-flex"></div>



<h3 class="has-text-align-left wp-block-heading"><a href="http://anne-lise.bio/wp-content/uploads/2021/07/formation-bio-estheticienne-Chambre-metiers-2021.pdf" target="_blank" rel="noreferrer noopener">Voir le programme complet</a></h3>



<div class="wp-block-buttons is-horizontal is-content-justification-left is-layout-flex wp-container-core-buttons-is-layout-7e5fce0a wp-block-buttons-is-layout-flex">
<div class="wp-block-button"><a class="wp-block-button__link wp-element-button" href="http://anne-lise.bio/index.php/contact/">S&rsquo;inscrire</a></div>
</div>



<div style="height:100px" aria-hidden="true" class="wp-block-spacer"></div>



<div class="wp-block-columns is-layout-flex wp-container-core-columns-is-layout-9d6595d7 wp-block-columns-is-layout-flex">
<div class="wp-block-column is-vertically-aligned-center is-layout-flow wp-block-column-is-layout-flow" style="flex-basis:100%">
<hr class="wp-block-separator has-text-color has-css-opacity has-background is-style-default" style="background-color:#838383;color:#838383"/>
</div>
</div>



<h2 class="wp-block-heading">Découverte d&rsquo;IBBEO, gamme locale et engagée</h2>



<div class="wp-block-columns is-layout-flex wp-container-core-columns-is-layout-9d6595d7 wp-block-columns-is-layout-flex">
<div class="wp-block-column is-layout-flow wp-block-column-is-layout-flow">
<p style="font-size:18px"><strong>Objectif :</strong></p>



<ul class="wp-block-list">
<li>Découvrez les multiples utilisations d&rsquo;une gamme de cosmétiques locale, sous la mention Nature et progrès, à base d&rsquo;ingrédients végétaux et biologiques.</li>



<li>Partagez les engagements de l&rsquo;entreprise<a href="https://www.ibbeo-cosmetiques.fr/" target="_blank" rel="noreferrer noopener"> Ibbeo</a>.</li>



<li>Découvrez la logique de la gamme au travers de ses ingrédients clefs.</li>



<li>Créez et déclinez selon les peaux, votre soin visage institut avec les produits de la gamme Ibbeo.</li>
</ul>



<div class="wp-block-columns is-layout-flex wp-container-core-columns-is-layout-9d6595d7 wp-block-columns-is-layout-flex">
<div class="wp-block-column is-layout-flow wp-block-column-is-layout-flow">
<p><strong>Pré-requis :</strong> Aucun</p>



<p><strong>Durée :</strong> 2 jours</p>



<p><strong>Public :</strong> Esthéticiennes et métiers<br>du bien être</p>
</div>



<div class="wp-block-column is-layout-flow wp-block-column-is-layout-flow">
<p><strong>Tarifs :</strong> </p>



<p><strong>Dates : </strong></p>



<p><strong>Lieu :</strong> Institut Anne-Lise.bio<br>Montauban</p>
</div>
</div>



<h3 class="wp-block-heading"> <a href="http://anne-lise.bio/wp-content/uploads/2021/07/formation-ibbeo-cosmetiques-7.pdf" target="_blank" rel="noreferrer noopener">Voir le programme complet</a> </h3>



<div class="wp-block-buttons is-layout-flex wp-block-buttons-is-layout-flex">
<div class="wp-block-button"><a class="wp-block-button__link wp-element-button" href="http://anne-lise.bio/index.php/contact/">S&rsquo;inscrire</a></div>
</div>
</div>
</div>
</div>
</div>



<p></p>

<p>&#8230;Toutes mes formations sont actuellement en cours de reconstruction pour les dates, tarifs et lieux&#8230; Merci de me contacter en Message Privé ! Devenir Bio Esthéticienne Objectif : Voir le programme complet Découverte d&rsquo;IBBEO, gamme locale et engagée Objectif : Pré-requis : Aucun Durée : 2 jours Public : Esthéticiennes et métiersdu bien être Tarifs [&hellip;]</p>
